 19) + -3 + -7.
28
What is 1 + (-3 - 0) + (58 - 53)?
3
-5 + (0 - 0 - ((-1 - -9) + -7))
-6
(-3 - 0) + 58 + -60
-5
What is the value of 5 + -4 + -4 + 7?
4
(3 - 5) + (388 - 358)
28
What is the value of -15 - (-9 + 2) - (9 - 2)?
-15
What is -112 - -132 - (6 - (2 - 3))?
13
Evaluate (0 + -4 - -10) + -16.
-10
Evaluate -40 + 48 + -31 + 0.
-23
Calculate 1 + (10 - 6) + -5 + -6 + 5.
-1
Evaluate -4 - -3 - (-2 + (-2 - -14)).
-11
211 + -208 + 15 + -3
15
What is the value of -26 + -18 + 29 + 17?
2
0 - (-5 + (5 - -5) + -13 - -4)
4
What is the value of 3 + (-1 + (-1 - (0 + 5)) - 1)?
-5
What is the value of 2 - 4 - (-3 - -2) - 11?
-12
Calculate -2 + -4 + (76 - 57).
13
Evaluate -16 + 46 + (-14 - 0).
16
Evaluate 354 - 356 - (12 + 2).
-16
-1 - 12 - ((-8 - -22) + -23)
-4
Evaluate -3 + 9 + (-5 - -11).
12
Calculate 25 + (6 - 0 - (12 + -1 + -10)).
30
-2 + 6 + 25 + (32 - 44)
17
What is the value of 4 + -14 + 82 + -62?
10
What is the value of -37 + 1 + -44 + 56?
-24
-4 + 2 - (54 - 22)
-34
Evaluate 5 + 6 + (4 - -2) + -11.
6
What is 4 + 3 + 2 + -7 + 5?
7
(17 + 101 - 123) + 0 + 0 + 9
4
-18 - (2 + ((-12 - -5) + 3 - -1))
-17
Evaluate (-8 + -2 + 4 - -1) + (7 - 1).
1
Calculate (-27 - (1 + -32)) + 5.
9
What is the value of 19 - (-9 + 20 + 14)?
-6
What is the value of -1 - 2 - ((-7 - 14) + 14) - 11?
-7
Calculate -25 - (-35 + 4 - 27).
33
Calculate -6 + (-13 - -14) - (-22 + 3).
14
Evaluate -1 + 7 - -8 - (6 + -4 + 2).
10
Evaluate -7 + (-10 + -2 - -3) + 34.
18
What is the value of -11 + (1 - 12 - -4) - (-1 - 3)?
-14
Evaluate -7 + 18 + 4 + -5 - 4.
6
What is 0 - 2 - (-64 + 53)?
9
What is -21 - -15 - 0 - (0 + -1)?
-5
Calculate -23 + (13 - (24 - (-19 + 37))).
-16
-8 - (15 + 3 + (19 + 9 - 20))
-34
-7 - (-3 - (-2 - -4 - 1) - 4)
1
What is the value of 4 - (0 - (-5 + -8 + 5 + 8))?
4
What is the value of (-11 + 11 - (2 + -6)) + -2 + 5?
7
What is 10 + (8 - (2 + -4)) + -11?
9
Evaluate 19 - (-19 + (5 - -17)).
16
Evaluate 1 + -12 + -2 - (25 - (4 + 21)).
-13
(6 - (9 + -4 + -4)) + 2 + -6
1
Calculate (-2 - 4) + -6 + (21 - (-1 + 4)).
6
Calculate -30 - (0 + 15 + -23).
-22
(2 - 1 - -13) + (6 - 6) + 2
16
What is ((-2 - (0 - 3)) + 5 - 4) + 4?
6
Evaluate (-12 - -10 - 0) + (2 - -1 - 8).
-7
What is -38 + 2 - (1 - 26)?
-11
What is the value of -7 + (-10 - -27) - (0 + -3)?
13
Calculate -1 - (-11 + 31) - 6 - -4.
-23
Evaluate (-9 - (13 + -41)) + -21.
-2
What is the value of 18 + -1 + (2 + -9 + 28 - 12)?
26
What is the value of (-9 - 4) + 7 + -2 - -2 - -8?
2
-18 - -25 - (-19 + 2 + 2 - 3)
25
Evaluate -52 - (-76 + -4) - (-1 - -9).
20
What is the value of 7 + -4 + (-1 + 12 - (62 - 55))?
7
What is -4 - 0 - (-10 - (-1 + -11)) - -19?
13
Calculate (24 - 3) + -8 - 19.
-6
What is 9 - 4 - -31 - 57?
-21
Evaluate -4 + -5 + 6 - (-17 - -29).
-15
What is the value of -2 - -1 - (0 - (-8 + (-1 - -6)))?
-4
What is the value of (6 + -6 - -9) + -6?
3
What is 99 + (-15 - 29) - 44?
11
19 + -7 + -4 - (-6 + 8)
6
What is 4 - ((6 - 16) + 1 - -25)?
-12
Evaluate -2 - (-36 - -18) - 25.
-9
(12 + -2 - 13) + (-11 - -2)
-12
0 + -6 - -11 - (-4 + 2)
7
Evaluate (13 - 9) + 1 + -4 + (-2 - -17).
16
What is -8 + 6 + 27 + -36?
-11
7 + -1 + -13 + (24 - 18)
-1
Calculate 6 - (9 + -4 + -1) - 12.
-10
Calculate -12 + -6 + 10 + 5.
-3
What is -1 - (-14 + (6 - (5 - 4)) + -6)?
14
Evaluate -3 + (0 - (-5 - -7)) + 23 - -3.
21
What is the value of (-9 + 8 - 1) + (0 - 1 - 5)?
-8
What is 5 + (-8 + (3 - -15) - 20)?
-5
-8 + -11 + (-9 - -35 - 5)
2
-3 + 21 + -2 + 0
16
What is -6 + -4 + (5 - 4 - -10) + 4?
5
(0 - -30) + 80 + (-32 - 49)
29
-13 + -3 - 2 - (1 + (-5 - -2))
-16
What is 37 + -14 + 12 + -21?
14
Evaluate 2 + -12 + 22 + -23 - -33.
22
What is the value of 3 + 13 + -2 - (-1178 + 1162)?
30
What is the value of (0 - -7) + (-17 - 1 - (26 - 24))?
-13
Evaluate (-2 - (-16 - -8)) + (-4 - -12).
14
What is the value of (1 - 0) + 2 + (935 - 943)?
-5
What is the value of (-20 - -34) + -1 + 2?
15
Calculate -2 - 20 - -1 - (818 + -831).
-8
What is 85 + -83 - (-9 + 1 + -1) - 5?
6
-101 + 107 + (13 - 56)
-37
-19 + (-19 - -26) + 6
-6
Calculate 95 - 142 - ((-11 - -6) + 0).
-42
What is -2 + -14 + 11 + 4?
-1
Calculate 6 + (-11 + 10 - -9) - (1 - -2).
11
Evaluate -1 + 1 + -1 - (84 + -97).
12
What is the value of 5 - 2 - 6 - (0 + -3 + 9)?
-9
What is 6 - (-1 - (-5 - -2))?
4
What is the value of (-19 - -27) + (1 - 11) - (-7 + -2)?
7
What is the value of -10 - -8 - (-17 - -2)?
13
Evaluate (-3 - 6) + (-12 - -15) + -10.
-16
-75 + (42 - (18 + -13))
-38
What is -37 - -34 - (7 - 17) - (1 + 5)?
1
Calculate 17 - -21 - 8 - 18.
12
What is (21 - (-3 + 5)) + 6 + -7 + -4?
14
Evaluate -2 + -14 + 5 + (1 - -11) + -1.
0
1 - (7 - (-2 + 1 - (3 - 10)))
0
What is (-1 + 7 - (29 - 20)) + 0?
-3
What is 1 + 8 - -2 - (2 + (10 - 7))?
6
11 + -24 + 33 + (-1 - 16) + -6
-3
What is the value of -26 + -6 + 5 + -2 + 6?
-23
What is the value of (-7 - 2) + 5 - (35 + -4)?
-35
Calculate 2 + -43 + 17 - -44.
20
Calculate 3 + -1 + -3 - (-54 - -58).
-5
Calculate 31 + (-17 + (2 - -2) - -5) - 2.
21
Calculate 8 + (0 + (-1 - -2) - (357 - 360)).
12
What is -21 + (-10 + 2 - (33 + -41))?
-21
What is the value of -11 - (-16 + 8 - -9)?
-12
(5 + (-3 - -2) - 33) + 6
-23
47 + -15 + -9 + -9
14
(3 - 1) + -9 - -2 - -11
6
What is the value of 10 + (8 - (-14 - (-14 - 3)))?
15
7 + (1 - (14 + -6 - 6))
6
What is 9 - ((-16 - -21) + -2 + 1)?
5
Calculate -14 - (-4 + -5 + -6).
1
Evaluate -42 + 19 + (1 - -9).
-13
What is -6 + (5 - (-5 - -14)) - -7?
-3
Evaluate -56 - (-54 - -26) - -46.
18
What is the value of 5 + (-4 - (0 - -4)) - 17?
-20
Evaluate 4 + (-6 - (-14 + 19)).
-7
What is (-12 - -26 - 16) + 16 - -4?
18
173 - 191 - (-16 - 0)
-2
What is the value of (-14 - 1) + (-8 - (-13 + 3 + 3))?
-16
What is the value of 15 + (-10 - -18) - (9 + 4)?
10
What is -3 - 5 - (14 - 35 - -30)?
-17
What is 1 - 1 - 6 - (-440 + 447)?
-13
Calculate 12 + -2 + (6 - 16).
0
Calculate 0 + (-5 - -3) + (-4 - -11) - -6.
11
Calculate 27 + -29 + (-57 - -30).
-29
Calculate (-1 - 3) + (-2 + -15 - -13).
-8
Calculate -3 + 1 - (508 - 520).
10
Evaluate (4 + -24 - (-33 - -24)) + -3.
-14
What is the value of 2 + -1 + 14 + -13 + 9 + -3?
8
Calculate 62 - 76 - (2 - 61) - 13.
32
What is the value of (-2 - -3 - -13) + -10?
4
Evaluate -12 + (-4 - (3 - 9)).
-10
What is (47 - 33) + (-3 - 11)?
0
Evaluate (-1 - 9 - -1) + 7.
-2
Evaluate -3 - -1 - (19 - 29).
8
What is (-8 - (-2 + 7)) + -17 + 13?
-17
What is the value of 14 + -3 + -8 + -5 - (-16 + 0)?
14
What is -5 + 2 - ((13 - (0 - -11)) + -11)?
6
What is the value of 8 + -3 + (-6 - -12) - 3?
8
Evaluate (-66 - -99) + (-20 - -1).
14
What is -6 + 2 + 22 + -17 + -25?
-24
Evaluate (62 - (-41 - -105)) + -10 + 3 + -2.
-11
Evaluate 1 - (15 - (2 + -3 - -7)).
-8
Calculate (-38 - -29) + -1 + 23 + -1.
12
What is (-13 - (-8 + -2)) + 5 + (3 - 3)?
2
What is 27 + -20 - -21 - 9?
19
Calculate -18 + -26 + 46 + -16 + -1 + 0.
-15
Calculate 2 + 0 + -1 - (38 + -48).
11
What is the value of -1 + 6 + (-8 + 21 + -1 - 21)?
-4
0 - -29 - (-37 + (27 - -18))
21
-5 + 2 + 2 + -16 + 22 + -16
-11
What is the value of 7 + (5 - 6) + (-4 - -3) + 3?
8
What is -12 + (-23 - -13) + 40?
18
Evaluate 11 + -15 + 0 - (6 + 3).
-13
Calculate 2 - 10 - ((-5 - (-14 + 30)) + -9).
22
What is 6 - (27 + -8) - -29?
16
-7 - (0 + -14 - (-31 + 19 - -4))
-1
What is 9 + (23 - 6 - 8 - (-6 - -40))?
-16
1 + -8 + (-51 + 77 - 26)
-7
Evaluate 17 + -29 + (-4 - 1) + -1.
-18
Evaluate 18 + -28 + 40 + -53.
-23
Evaluate (-4 + 7 + -7 - -1) + 10.
7
Calculate 1 - 20 - (-3 + -5).
-11
What is 0 + (-1 - -7) + -34 + (17 - 2)?
-13
What is -14 + (41 - 28) + -8?
-9
What is the value of -22 - -25 - ((7 - (-37 - -4)) + -2)?
-35
Evaluate 90 + -98 - (4 + -7 + 5).
-10
2 - (4 + 8 + -5 + -5 - -6)
-6
(-21 - -9) + (-4 + 2 - (-35 - -40))
-19
Calculate -124 + 136 - (1 - -8).
3
Evaluate 5 + -23 + (-18 - -30).
-6
What is (4 - -7) + -15 + 11 - -16?
23
-3 + 4 - ((0 - -2) + (10 - 1))
-10
Evaluate (3 - (14 + -18)) + 3.
10
Calculate 24 + -1 + 2 - (-227 - -238).
14
Calculate (-4 - (31 - 3)) + 35.
3
What is the value of -1 - -9 - (190 - 187)?
5
(683 - 687) + -2 + (0 - -1)
-5
-12 + 43 - (1 - -3)
27
Calculate -12 - -8 - (-4 + 4) - 2.
-6
What is -24 - -4 - -23 - (-2 + -2)?
7
What is the value of -1 - (-7 - -12) - 3 - 2?
-11
-7 + 20 + -41 - (-7 + 2)
-23
What is -8 - (1 + ((8 - 1) + -4 - 4))?
-8
Calculate -8 + -1 + -1 - (205 - 233).
18
(5 - -1) + (20 - (-3 - 